2*o + 18 = 0. Suppose 0 = -k*y + 7*y - 70. Calculate the remainder when 41 is divided by y.
13
Let v = -271 - -304. Calculate the remainder when v is divided by 18.
15
Let l = -605 + 666. Calculate the remainder when 546 is divided by l.
58
Let n = 468 + -454. Let i = -177 - -300. What is the remainder when i is divided by n?
11
Let w(k) = -3*k**2 - 2*k + 12. Let x(z) = 4*z**2 + z - 13. Let p(u) = 5*w(u) + 4*x(u). What is the remainder when 102 is divided by p(9)?
32
Let s = -546 + 806. Calculate the remainder when s is divided by 39.
26
Let p(q) = -101*q - 167. Calculate the remainder when p(-6) is divided by 13.
10
Let r = 143 + -72. Suppose -x - 4*i - i + 49 = 0, 4*x = 5*i + r. Let f = x - -8. What is the remainder when f is divided by 12?
8
Let b = 58 - -98. What is the remainder when b is divided by 79?
77
Let g(r) = 40*r - 645. Calculate the remainder when g(22) is divided by 58.
3
Suppose -6*y + 17*y - 374 = 0. Calculate the remainder when 61 is divided by y.
27
Suppose 2 = n + 5*i - 51, 4*i = -5*n + 244. Let k = n - -8. Suppose 0 = 2*g - 4*g + k. Calculate the remainder when g is divided by 10.
8
Let f be 2*3/(-2) + 5. Suppose -37 = -n - f*z, 3*n - 3*z = -0*n + 66. Calculate the remainder when 78 is divided by n.
24
Suppose -4*m - 3*m = -980. Calculate the remainder when m is divided by 36.
32
What is the remainder when (-94)/188*(-75 + (-2 - -1)) is divided by 28?
10
Let a(t) = -t**3 + 4*t**2 + 2*t + 4. Let z(g) = g + 1. Let q(j) = a(j) + 3*z(j). What is the remainder when (-7 - -2)*(-2 - 2) is divided by q(5)?
6
What is the remainder when (-2768)/(-6)*267/356 is divided by 39?
34
Let t = 14 + -26. Let j = 14 + t. What is the remainder when 31 is divided by 2 - -4*3/j?
7
Suppose -42*v + 9 = -43*v. Let d(k) = 3*k - 7. Let r(s) = -2*s + 7. Let j(i) = -4*d(i) - 5*r(i). Calculate the remainder when 43 is divided by j(v).
10
Let i(l) = -4*l**3 + 16*l**2 + 7*l - 2. Calculate the remainder when i(4) is divided by 21.
5
Let f = -20 + 33. What is the remainder when 270/8 - (9 + 518/(-56)) is divided by f?
8
What is the remainder when (-3)/(-9)*(257 - 11) is divided by 40?
2
Let x(n) = 4*n**2 - 3*n - 27. Suppose -l + 36 = -5*p, -3*l - 3*p - 34 = -4*l. Suppose f = -1 + l. What is the remainder when x(-5) is divided by f?
28
Let i = -1547 - -2196. What is the remainder when i is divided by 21?
19
Let z(h) = -23*h. Suppose 1256*a - 1253*a - 135 = 0. What is the remainder when a is divided by z(-1)?
22
Suppose -24 = 2*f - 6*f. Let y be (14/2)/(-7) - -1*3. Suppose y*x + 5*m = 53, -5*x = f*m - 2*m - 90. Calculate the remainder when 68 is divided by x.
12
Suppose -79 = -7*g + 26. Calculate the remainder when 52 is divided by g.
7
Suppose -247*u - 8 = -249*u. What is the remainder when 98 is divided by u?
2
Let v(c) = 57*c + 1. Suppose -55 = -k - 0*k. Suppose 0 = -4*t + k + 5. Calculate the remainder when v(1) is divided by t.
13
Suppose -18*w - 47 = -19*w. What is the remainder when 89 is divided by w?
42
Suppose -5*y - 4*p = -7*y + 116, 5*y = 4*p + 296. Suppose i + 72 = 2*o, 4*o = -5*i + y + 84. What is the remainder when 141 is divided by o?
33
Let y be (-142)/(-10) - 6/30. Suppose 2 = -s - 4*r, -4*s - 8 = 3*r - 4*r. Let m = s + y. Calculate the remainder when 46 is divided by m.
10
Suppose -13*v + 129 = -495. What is the remainder when 71 is divided by v?
23
Suppose -3*l + 11 = f - 8*l, 2*f + 10 = 2*l. Let q(i) = -i**2 - 11*i - 16. What is the remainder when 2 is divided by q(f)?
0
Let o(x) = -58*x**3 + 6*x**2 + 6*x. What is the remainder when o(-1) is divided by -4 + (-4 - -37 - -1)?
28
Suppose -44*o + 357 = -27*o. Calculate the remainder when 312 is divided by o.
18
Let b(l) = -l**3 + 3*l**2 + 4*l - 2. Suppose 10*u + 3 = 11*u. What is the remainder when 28 is divided by b(u)?
8
Let t(g) = -g + 5. Suppose 2*y + 0*l - 26 = -4*l, -5*l + 22 = -y. Let p be t(y). Suppose p*h + 0*h - 18 = 0. What is the remainder when 43 is divided by h?
7
Suppose 20*t + 70 = 27*t. Calculate the remainder when 137 is divided by t.
7
Calculate the remainder when 270 is divided by 4 - ((-77 - 1) + 8).
48
Let a(f) = 5*f + 7. Let v be a(8). Let u = v + -28. Suppose -3*c + 4*c - 73 = 0. What is the remainder when c is divided by u?
16
Let r(x) = -x**2 + 3*x + 6. Let f be r(5). Let p(c) = -5*c + 3. Let j be p(f). Let l = 36 + j. What is the remainder when l is divided by 20?
19
Let s(l) = -8*l**2 - 1 - 9 - l**3 + 17*l**2 + 2*l + 10*l. Calculate the remainder when 38 is divided by s(10).
8
Suppose 3*n - 1282 = -5*q, 3*n + 317 = q + 1605. What is the remainder when n is divided by 27?
24
Suppose 8*m - 47 - 145 = 0. Calculate the remainder when 49 is divided by (-2*4/m)/(1/(-39)).
10
Suppose 17*d + 6*d = 253. What is the remainder when 83 is divided by d?
6
Let f(l) = -l**3 + 2*l**2 + 19*l - 13. What is the remainder when 48 is divided by f(5)?
6
Suppose 474 = 5*l - c, 0 = -4*l + 33*c - 29*c + 392. Calculate the remainder when l is divided by 16.
14
Suppose 240*c = 249*c - 324. Let x(h) = -h + 10. What is the remainder when c is divided by x(0)?
6
Suppose 0 = -5*d + 3*j + 118, -3*d = 3*j - 58 - 32. Suppose 0 = -5*v - q + 43, 4*v + q = 3*q + d. What is the remainder when 13 is divided by v?
5
Suppose -3*a = -2*r + 5, 4*r + 5*a - 45 = 4*a. Calculate the remainder when 1158 is divided by r.
8
Let j(t) = -2*t**3 + 4*t**2 - 4*t + 2. Let v be j(3). What is the remainder when 39 is divided by -2*(-4)/v*-77?
17
Let n(g) = -15*g**3. Let u be n(-2). Let h be 15/u + (-47)/(-8). Let k = 11 + h. What is the remainder when k is divided by 9?
8
Suppose 4*i + 76 = 8*i. Let c = -8 - -13. What is the remainder when i is divided by c?
4
Suppose 2*q = -0*q + 20. Suppose -l = 3*l + 12. What is the remainder when l*2*16/(-6) is divided by q?
6
Let j(s) = 4*s - 8. What is the remainder when j(15) is divided by 32?
20
Suppose -4 = -2*l, -5*f - l + 181 = -3*l. Calculate the remainder when 43 is divided by f.
6
What is the remainder when 107 is divided by 490/28 - (-3)/(-2)?
11
Suppose 2*h - 33 = -5. Suppose -2*x - 3*s = 2*s - 17, -23 = -3*x - 5*s. What is the remainder when (0 - 668/(-10)) + x/30 is divided by h?
11
Let h(t) = 22*t - 312. What is the remainder when 210 is divided by h(17)?
24
Let n be 1*6/15 - (-6)/(-15). Suppose n = -2*b - 3*w + 69 - 8, 3 = -w. Calculate the remainder when 172 is divided by b.
32
Let a(v) = -v - 5. Let w be a(-4). Let y(t) = -9*t + 2. Let b be y(w). Let h = -7 + b. What is the remainder when 13 is divided by h?
1
Let f(i) = 3*i**2 - i - 8. Suppose 11 = 5*p - 4. Let w = p + 3. Calculate the remainder when f(w) is divided by 24.
22
Let a(t) = -11*t + 273. What is the remainder when 83 is divided by a(19)?
19
Suppose p = -2*y + 795 - 139, -4*p - 319 = -y. Calculate the remainder when y is divided by 5.
2
Suppose 0 = -16*f + 13*f + 33. Let l = -7 + 5. What is the remainder when f is divided by ((-10)/(-6) + l)*-9?
2
Suppose -3*o - 434 = -5*z, 4*o = -5*z + 261 + 187. Calculate the remainder when z is divided by 2/8*-5*(-14 - -6).
8
Calculate the remainder when 370 is divided by 62/(-22) + 3 + (-7210)/(-154).
41
Let t = -439 + 638. Calculate the remainder when t is divided by 8.
7
Let d(q) = q**3 - 6*q**2 - 8*q + 5. Let n be d(7). What is the remainder when 102 is divided by (n/(-6))/(4/252)?
18
Let t = -4 - -17. Suppose 4*l - 3*v = -11, 4*l - v + t = 4. Calculate the remainder when 62 is divided by (-35)/l - 6/4.
14
Suppose 0 = l - 0*l + 4*v - 3, 0 = -2*l - 5*v + 6. Suppose 4*w = l*w + 13. Let h = -12 + 35. Calculate the remainder when h is divided by w.
10
Let z be 40 + (-1 - -1) + 3 + 1. Let v = -41 + z. Calculate the remainder when 7 is divided by v.
1
Let t = 1953 + -1682. Calculate the remainder when t is divided by 133.
5
Let k = -23 - -23. Suppose r + 3 = -0*h - 3*h, k = -4*r - 4*h + 4. Calculate the remainder when 4 is divided by r.
1
Let k be (-1)/(-2 + (-9)/(-3)). Calculate the remainder when 53 is divided by 15 - k - (-2 - 1).
15
Calculate the remainder when ((-7)/(7/2))/((-14)/301) is divided by 9.
7
Suppose 5*v + 6*v = 275. What is the remainder when 2548 is divided by v?
23
Suppose 2*i + 10 = -5*v + 6, 5*i - 32 = -2*v. Suppose -5*m = r - 12, 7*r + 4 = i*r + m. Suppose -q + 1 = -1. Calculate the remainder when r is divided by q.
0
Let b(d) = -d**2 + 5. Let